divisor of v and f?
5
Let x = 49 - -2. Calculate the highest common factor of x and 34.
17
Let a be (51/(-15) + 4)/((-1)/(-205)). What is the greatest common factor of 41 and a?
41
Let y be 0 + 294/8 + 11/44. What is the greatest common factor of y and 37?
37
Suppose v + 2 = 2*v. Suppose v*u + 0*u = 24. Suppose 145 = 4*f - 95. Calculate the highest common factor of f and u.
12
Let n(h) be the first derivative of -12*h**2 - 5*h + 3. Let i be n(-5). Calculate the greatest common factor of i and 23.
23
Let p = 85 + -31. Let q be 16/3 + (-10)/30. Suppose 3*u - q*k = 19 + 74, 0 = -3*u - k + 111. What is the greatest common divisor of u and p?
18
Suppose 1 = -2*b - 5*d + 7, b = -2*d + 2. Let f be -6 + 3 + 49 - b. What is the greatest common divisor of 12 and f?
12
Let n = 12 - 10. Suppose z = -0*b - n*b + 18, -4*z + 37 = b. Let q(f) = -f**2 + 5*f + 8. Let r be q(6). Calculate the highest common divisor of z and r.
2
Suppose -4*i = 4*n - 76, -4*n = 2*i + 3*i - 94. What is the highest common factor of 126 and i?
18
Let i(s) = 4*s. Let x be i(3). Let c(l) = -2*l**3 - 7*l**2 - 8*l + 17. Let g be c(-5). What is the highest common factor of g and x?
12
Let f be (-3 + 6)*(-1)/(-1). Suppose f*t + 70 = 235. What is the highest common factor of t and 5?
5
Let n(y) = -8*y**3 + y**2 + y + 1. Let p be n(-1). Suppose m = -2, -3*a + 31 = -5*m - p. What is the highest common divisor of a and 80?
10
Let j be (40/12 + -4)*-51. What is the greatest common factor of j and 85?
17
Let s be (-6)/8 + (-403)/(-4). Calculate the greatest common factor of 40 and s.
20
Suppose -3*k - 5 = -32. Calculate the highest common divisor of k and 81.
9
Let l = 6 - 4. Suppose -5*o + 50 = -2*o - l*s, 0 = -5*o - 4*s + 54. Calculate the highest common factor of 112 and o.
14
Let o = -2 + 0. Let m be o - 52/((-16)/4). Let x be ((0 - 1) + 2)*1. What is the greatest common factor of x and m?
1
Let w(d) = d**3 + 10. Let u be w(0). Let o be (9/(-2) - -2)*-28. What is the highest common divisor of u and o?
10
Suppose -4*h - 1 + 13 = 0. Suppose -4*a + h = -1. Let i = 8 - a. What is the highest common factor of i and 35?
7
Let z be (-6 - -7) + 1 + 1. Suppose 2*q - z*q + 96 = 0. Calculate the highest common factor of q and 24.
24
Suppose 5*y + 1 = 11. Let b be 0/(4*1/y). Suppose 0 = -t - b*t + 20. Calculate the highest common divisor of t and 8.
4
Suppose 3*g = 4*k + k + 48, 4*k = 0. What is the highest common factor of g and 48?
16
Suppose 4*h + 49 = 181. Calculate the greatest common divisor of h and 22.
11
Suppose 3*c = 4*j + 136, 166 = 3*c + 3*j - j. Suppose -2*x + c = -6*x. Let a = x + 19. What is the greatest common divisor of 3 and a?
3
Let f(p) = p**2 + 29*p - 65. Let q be f(-34). Calculate the greatest common factor of 42 and q.
21
Suppose -l + 5*l = 232. What is the highest common factor of l and 29?
29
Let a = -39 + 56. Suppose 1 = -c + 35. Let z be -3*(c/(-6) + 0). What is the greatest common divisor of z and a?
17
Suppose 3*y - 107 = -2. Suppose -5*c + y = -0. Calculate the greatest common divisor of c and 21.
7
Let z be ((-132)/11)/((-3)/10). What is the highest common factor of z and 10?
10
Suppose u + 4 = 6. Suppose 20 = 7*l - u*l. Calculate the greatest common factor of l and 2.
2
Let l(r) = 9*r**2 + 10*r + 2. Let u be l(-2). Calculate the greatest common factor of 8 and u.
2
Let f(j) = j + 10. Let d be f(-13). Let n(c) = 5*c**2 - 3*c - 2. Let m be n(d). Calculate the highest common divisor of 13 and m.
13
Let a be 11 - (0 + (-4 - 1)). Calculate the greatest common factor of a and 144.
16
Suppose 4*t - 5*x - 86 = 0, -128 = -5*t - 4*x - 0*x. Calculate the greatest common divisor of 36 and t.
12
Let l(w) = 2*w**2 - 4*w - 6. Let y be l(5). Suppose 4*n - 2*s = y, 0 = -4*n - 3*s + 11 + 13. Calculate the highest common divisor of n and 18.
6
Let y = -4 - -8. Let w = y - 2. Suppose w*z = -3*z + 70. Calculate the highest common factor of z and 35.
7
Let x(k) be the third derivative of 7/6*k**3 + 1/60*k**5 + 0 + 0*k - 1/4*k**4 + 2*k**2. Let y be x(6). Calculate the highest common divisor of 7 and y.
7
Suppose -5*s = -1138 + 448. Suppose 4*f - 534 = -s. Calculate the greatest common divisor of 9 and f.
9
Let p(k) = -k - 1. Let s be p(-4). Suppose 3*m - 3*h + 0*h - 75 = 0, -57 = -s*m - 3*h. What is the highest common factor of m and 11?
11
Suppose 5*s = -2*z - 37 + 163, -5*s - z + 123 = 0. What is the highest common factor of s and 216?
24
Suppose f = -t, -f = 2*f - 4*t + 21. Let q be f - (48/(-4) + -3). What is the highest common divisor of q and 84?
12
Let v(f) be the third derivative of -f**4/3 + f**3/3 - 3*f**2. Let d be v(-6). Calculate the greatest common factor of d and 10.
10
Let o(a) = a**3 - 3*a**2 + 2*a + 4. Let l be o(3). Suppose -3 = 5*t - 4*w + 3, -5*t = -5*w + l. What is the highest common divisor of t and 8?
2
Let z(r) = -18*r - 4. Let q be z(-2). What is the highest common factor of q and 4?
4
Let l(d) = d**3 - 6*d**2 - 4*d - 9. Let i be l(7). Let v = 18 + i. Calculate the greatest common divisor of v and 75.
15
Let q be 8/(-24) + 151/3. What is the highest common divisor of q and 5?
5
Let c = -3 - -12. What is the greatest common divisor of c and 1?
1
Suppose -3*d - 5*h = -h - 23, 4*d = h + 37. Let m be (-16)/(-6)*d/6. Suppose -3*o + 10 = -k, 7 = 4*o + k + m*k. Calculate the highest common divisor of o and 3.
3
Let i be ((-14)/6 + (-3)/18)*-8. What is the highest common factor of 10 and i?
10
Let j be (-80)/(-3) + (-11)/3 + 4. What is the highest common factor of 243 and j?
27
Suppose -3*t = -t - 6. Suppose 0 = -0*s + 4*s + n - 16, 3*s = t*n + 27. Let i be 92/6 - 2/6. Calculate the highest common divisor of i and s.
5
Let t = -1 - 2. Let o be -1 + 1 + (t - -21). What is the highest common divisor of 126 and o?
18
Suppose 0 = -6*z + z - 165. Let b be z/9*-1*21. Let o be 3 - (-1 - -1 - b). Calculate the highest common divisor of o and 10.
10
Suppose 2*j - 172 = -2*j + 5*c, -2*j - 4*c + 60 = 0. Calculate the greatest common divisor of j and 342.
38
Suppose -4*w + 2 = -6. Let r be (-4 - -59) + w/2. Let c = 6 - -1. What is the greatest common factor of r and c?
7
Let u = -8 - -14. Let g = -1 + u. Let o(t) = t**3 - 5*t**2 + t - 2. Let f be o(g). Calculate the greatest common factor of 2 and f.
1
Suppose -n = 2*n - 3, -2 = -x + 3*n. Suppose -r - 3*y + y + 16 = 0, y + 2 = 0. What is the highest common divisor of r and x?
5
Suppose 2*l - 21 = 4*l + k, -30 = 3*l + k. Let m be 132/8*(-6)/l. Suppose 0*c = 5*c, 495 = 5*f + c. What is the highest common divisor of f and m?
11
Let j(u) = u**2 + u + 3. Let q be j(0). Suppose 2*v = -q*v + 425. Calculate the highest common divisor of v and 34.
17
Let a(q) = q**3 + 7*q**2 + 5*q. Let u be a(-6). Suppose -4*s = -2*s - u. What is the highest common divisor of s and 15?
3
Let a(f) = f**2 + 11*f + 20. Let w be a(-11). Calculate the greatest common factor of 5 and w.
5
Suppose -2*k - 2 + 8 = 0. Suppose -2*f + 27 = 3*g + 5, 52 = k*f - 5*g. Suppose -306 = -4*j + 198. Calculate the greatest common divisor of f and j.
14
Suppose -3*y - 25 = y + 5*v, 2*v + 10 = 3*y. Suppose -3*d = -y*d - 3, 0 = 3*q - 3*d - 96. Let f = -105 - -108. Calculate the highest common factor of q and f.
3
Let h(g) = 10*g + 7. Let y be h(6). Suppose 5*r = y - 17. What is the highest common divisor of r and 10?
10
Let c be (2/(-5))/(1/(-5)). Let s be (1 - 4) + 1 + 6. Let l = 5 - s. What is the highest common divisor of c and l?
1
Let w be 9/6 - 6/4. Suppose -12 = -w*u + 3*u. Let o(x) = -x**2 - 6*x - 2. Let j be o(u). Calculate the greatest common divisor of 9 and j.
3
Let v(r) = -3*r - 1. Let z be v(-5). Let f be (0 - 2/(-5))*70. What is the greatest common divisor of f and z?
14
Let g be 1/2*0 - -1. Suppose -3*q - 4*o + 16 = 0, 2*q + o = -3*o + 16. Suppose q*a = -2*a + 4. What is the greatest common divisor of g and a?
1
Suppose u + 4*u = 0. Let i(m) be the third derivative of -m**6/120 - m**4/24 + 4*m**3 - m**2. Let q be i(u). What is the highest common divisor of 12 and q?
12
Let g = 0 + 8. Let t = g - -1. What is the greatest common factor of 27 and t?
9
Let x = 23 - 3. Calculate the greatest common factor of 5 and x.
5
Let d(y) = y - 1. Let j be d(4). Suppose p - 20 = -j*p. Calculate the highest common divisor of p and 1.
1
Let j(o) = -o**3 - 9*o**2 + 11*o - 12. Let c be 